{"id":9,"date":"2025-12-19T07:03:26","date_gmt":"2025-12-19T10:03:26","guid":{"rendered":"https:\/\/apps.oixer.com.br\/?page_id=9"},"modified":"2025-12-19T07:03:30","modified_gmt":"2025-12-19T10:03:30","slug":"cadastro","status":"publish","type":"page","link":"https:\/\/apps.oixer.com.br\/?page_id=9","title":{"rendered":"Cadastro"},"content":{"rendered":"  <form method=\"post\" style=\"max-width:420px;margin:0 auto\">\r\n    <label>C\u00f3digo de indica\u00e7\u00e3o<\/label><br>\r\n    <input name=\"ref\" value=\"\" required style=\"width:100%\"><br><br>\r\n\r\n    <label>Email<\/label><br>\r\n    <input name=\"email\" type=\"email\" required style=\"width:100%\"><br><br>\r\n\r\n    <label>Senha<\/label><br>\r\n    <input name=\"password\" type=\"password\" required style=\"width:100%\"><br><br>\r\n\r\n    <button type=\"submit\">Cadastrar<\/button>\r\n  <\/form>\r\n  \n","protected":false},"excerpt":{"rendered":"","protected":false},"author":1,"featured_media":0,"parent":0,"menu_order":0,"comment_status":"closed","ping_status":"closed","template":"","meta":{"footnotes":""},"class_list":["post-9","page","type-page","status-publish","hentry"],"jetpack_sharing_enabled":true,"_links":{"self":[{"href":"https:\/\/apps.oixer.com.br\/index.php?rest_route=\/wp\/v2\/pages\/9","targetHints":{"allow":["GET"]}}],"collection":[{"href":"https:\/\/apps.oixer.com.br\/index.php?rest_route=\/wp\/v2\/pages"}],"about":[{"href":"https:\/\/apps.oixer.com.br\/index.php?rest_route=\/wp\/v2\/types\/page"}],"author":[{"embeddable":true,"href":"https:\/\/apps.oixer.com.br\/index.php?rest_route=\/wp\/v2\/users\/1"}],"replies":[{"embeddable":true,"href":"https:\/\/apps.oixer.com.br\/index.php?rest_route=%2Fwp%2Fv2%2Fcomments&post=9"}],"version-history":[{"count":2,"href":"https:\/\/apps.oixer.com.br\/index.php?rest_route=\/wp\/v2\/pages\/9\/revisions"}],"predecessor-version":[{"id":11,"href":"https:\/\/apps.oixer.com.br\/index.php?rest_route=\/wp\/v2\/pages\/9\/revisions\/11"}],"wp:attachment":[{"href":"https:\/\/apps.oixer.com.br\/index.php?rest_route=%2Fwp%2Fv2%2Fmedia&parent=9"}],"curies":[{"name":"wp","href":"https:\/\/api.w.org\/{rel}","templated":true}]}}